rime factors of 5877.
3, 653
What are the prime factors of 10866?
2, 3, 1811
List the prime factors of 2941.
17, 173
List the prime factors of 1236.
2, 3, 103
List the prime factors of 53531.
199, 269
What are the prime factors of 1949?
1949
What are the prime factors of 1232?
2, 7, 11
What are the prime factors of 40842?
2, 3, 2269
What are the prime factors of 2073?
3, 691
What are the prime factors of 1994?
2, 997
What are the prime factors of 19369?
7, 2767
What are the prime factors of 194?
2, 97
What are the prime factors of 39545?
5, 11, 719
What are the prime factors of 16466?
2, 8233
List the prime factors of 20706.
2, 3, 7, 17, 29
List the prime factors of 5396.
2, 19, 71
List the prime factors of 732.
2, 3, 61
What are the prime factors of 1369?
37
What are the prime factors of 2683?
2683
List the prime factors of 10636.
2, 2659
What are the prime factors of 751?
751
What are the prime factors of 7342?
2, 3671
What are the prime factors of 8?
2
List the prime factors of 1952.
2, 61
List the prime factors of 886.
2, 443
What are the prime factors of 31151?
31151
List the prime factors of 7077.
3, 7, 337
What are the prime factors of 1936?
2, 11
List the prime factors of 96779.
96779
List the prime factors of 1116.
2, 3, 31
List the prime factors of 1858.
2, 929
What are the prime factors of 11391?
3, 3797
What are the prime factors of 4550?
2, 5, 7, 13
List the prime factors of 754.
2, 13, 29
What are the prime factors of 667?
23, 29
List the prime factors of 485.
5, 97
What are the prime factors of 2925?
3, 5, 13
List the prime factors of 19258.
2, 9629
What are the prime factors of 425?
5, 17
List the prime factors of 15939.
3, 7, 11, 23
List the prime factors of 3000.
2, 3, 5
What are the prime factors of 12602?
2, 6301
What are the prime factors of 5667?
3, 1889
What are the prime factors of 546?
2, 3, 7, 13
What are the prime factors of 8975?
5, 359
What are the prime factors of 7612?
2, 11, 173
List the prime factors of 684.
2, 3, 19
What are the prime factors of 51213?
3, 43, 397
What are the prime factors of 6759?
3, 751
What are the prime factors of 36543?
3, 13, 937
What are the prime factors of 157485?
3, 5, 10499
List the prime factors of 676.
2, 13
List the prime factors of 1143.
3, 127
What are the prime factors of 13780?
2, 5, 13, 53
What are the prime factors of 1911?
3, 7, 13
What are the prime factors of 7860?
2, 3, 5, 131
What are the prime factors of 782?
2, 17, 23
List the prime factors of 360.
2, 3, 5
List the prime factors of 58.
2, 29
List the prime factors of 5325.
3, 5, 71
List the prime factors of 399.
3, 7, 19
What are the prime factors of 13165?
5, 2633
What are the prime factors of 67662?
2, 3, 7, 179
What are the prime factors of 2705?
5, 541
What are the prime factors of 81?
3
List the prime factors of 3705.
3, 5, 13, 19
What are the prime factors of 47718?
2, 3, 11, 241
List the prime factors of 1245.
3, 5, 83
List the prime factors of 2294.
2, 31, 37
What are the prime factors of 3759?
3, 7, 179
List the prime factors of 303.
3, 101
List the prime factors of 79707.
3, 163
List the prime factors of 817.
19, 43
List the prime factors of 27603.
3, 3067
List the prime factors of 39316.
2, 9829
List the prime factors of 4361.
7, 89
List the prime factors of 128607.
3, 163, 263
List the prime factors of 121642.
2, 60821
List the prime factors of 519.
3, 173
What are the prime factors of 3734?
2, 1867
List the prime factors of 4324.
2, 23, 47
What are the prime factors of 29184?
2, 3, 19
What are the prime factors of 11102?
2, 7, 13, 61
List the prime factors of 2611.
7, 373
What are the prime factors of 1391?
13, 107
List the prime factors of 12103.
7, 13, 19
What are the prime factors of 2150?
2, 5, 43
List the prime factors of 66799.
67, 997
List the prime factors of 1242.
2, 3, 23
What are the prime factors of 946?
2, 11, 43
List the prime factors of 5020.
2, 5, 251
What are the prime factors of 6393?
3, 2131
List the prime factors of 7915.
5, 1583
List the prime factors of 5731.
11, 521
List the prime factors of 14552.
2, 17, 107
List the prime factors of 862.
2, 431
List the prime factors of 1201.
1201
What are the prime factors of 4829?
11, 439
What are the prime factors of 3952?
2, 13, 19
What are the prime factors of 3533?
3533
List the prime factors of 114461.
17, 6733
List the prime factors of 23829.
3, 13, 47
What are the prime factors of 4009?
19, 211
What are the prime factors of 111?
3, 37
List the prime factors of 19181.
19181
List the prime factors of 28629.
3, 3181
List the prime factors of 459.
3, 17
List the prime factors of 1079.
13, 83
What are the prime factors of 7631?
13, 587
What are the prime factors of 20871?
3, 773
What are the prime factors of 7943?
13, 47
What are the prime factors of 2483?
13, 191
List the prime factors of 437.
19, 23
What are the prime factors of 116222?
2, 58111
What are the prime factors of 16563?
3, 5521
What are the prime factors of 1832?
2, 229
What are the prime factors of 12248?
2, 1531
What are the prime factors of 26599?
67, 397
List the prime factors of 98222.
2, 67, 733
What are the prime factors of 41142?
2, 3, 6857
List the prime factors of 39771.
3, 491
What are the prime factors of 1495?
5, 13, 23
What are the prime factors of 4261?
4261
What are the prime factors of 49978?
2, 24989
What are the prime factors of 11140?
2, 5, 557
List the prime factors of 61260.
2, 3, 5, 1021
What are the prime factors of 2010?
2, 3, 5, 67
What are the prime factors of 5391?
3, 599
What are the prime factors of 181?
181
What are the prime factors of 32?
2
What are the prime factors of 9506?
2, 7, 97
List the prime factors of 30890.
2, 5, 3089
List the prime factors of 615.
3, 5, 41
List the prime factors of 14161.
7, 17
List the prime factors of 725.
5, 29
List the prime factors of 3270.
2, 3, 5, 109
List the prime factors of 8399.
37, 227
What are the prime factors of 589?
19, 31
What are the prime factors of 39620?
2, 5, 7, 283
What are the prime factors of 2444?
2, 13, 47
What are the prime factors of 7249?
11, 659
List the prime factors of 1989.
3, 13, 17
What are the prime factors of 1134?
2, 3, 7
List the prime factors of 4036.
2, 1009
What are the prime factors of 1560?
2, 3, 5, 13
What are the prime factors of 2595?
3, 5, 173
List the prime factors of 2362.
2, 1181
List the prime factors of 39444.
2, 3, 19, 173
List the prime factors of 16711.
17, 983
What are the prime factors of 36988?
2, 7, 1321
What are the prime factors of 4532?
2, 11, 103
List the prime factors of 222.
2, 3, 37
What are the prime factors of 31289?
67, 467
What are the prime factors of 541?
541
List the prime factors of 4032.
2, 3, 7
What are the prime factors of 1170?
2, 3, 5, 13
What are the prime factors of 2725?
5, 109
List the prime factors of 12028.
2, 31, 97
What are the prime factors of 597?
3, 199
List the prime factors of 1926.
2, 3, 107
List the prime factors of 58186.
2, 47, 619
List the prime factors of 210.
2, 3, 5, 7
List the prime factors of 4295.
5, 859
What are the prime factors of 469?
7, 67
What are the prime factors of 9351?
3, 1039
What are the prime factors of 840?
2, 3, 5, 7
List the prime factors of 69795.
3, 5, 11, 47
List the prime factors of 78142.
2, 89, 439
What are the prime factors of 3132?
2, 3, 29
What are the prime factors of 79?
79
List the prime factors of 556.
2, 139
What are the prime factors of 2785?
5, 557
List the prime factors of 1709.
1709
What are the prime factors of 11931?
3, 41, 97
List the prime factors of 997.
997
List the prime factors of 28248.
2, 3, 11, 107
List the prime factors of 242.
2, 11
List the prime factors of 4913.
17
List the prime factors of 77338.
2, 38669
List the prime factors of 23059.
23059
What are the prime factors of 413?
7, 59
List the prime factors of 56247.
3, 18749
What are the prime factors of 3189?
3, 1063
What are the prime factors of 16?
2
List the prime factors of 34883.
34883
List the prime factors of 14415.
3, 5, 31
List the prime factors of 2209.
47
List the prime factors of 64341.
3, 2383
What are the prime factors of 59945?
5, 19, 631
What are the prime factors of 3120?
2, 3, 5, 13
What are the prime factors of 502?
2, 251
List the prime factors of 3747.
3, 1249
List the prime factors of 464